5.
5, 89, 51581
What are the prime factors of 1904723933?
7, 953, 5827
What are the prime factors of 47598304?
2, 13, 114419
List the prime factors of 562785717.
3, 13, 103, 829
What are the prime factors of 2570651844?
2, 3, 71, 373, 8089
What are the prime factors of 137467306?
2, 68733653
List the prime factors of 970061940.
2, 3, 5, 43, 41777
What are the prime factors of 3298796345?
5, 13, 3903901
What are the prime factors of 228102889?
7, 17, 39119
What are the prime factors of 32520252?
2, 3, 17, 23, 29, 239
What are the prime factors of 1215471601?
373, 479, 6803
What are the prime factors of 2053679491?
743, 1249, 2213
What are the prime factors of 6855566360?
2, 5, 29, 59, 100169
What are the prime factors of 90337465?
5, 29, 623017
What are the prime factors of 723076122?
2, 3, 19, 6342773
What are the prime factors of 382543628?
2, 95635907
List the prime factors of 87586734.
2, 3, 547, 26687
List the prime factors of 675134375.
5, 37, 5839
What are the prime factors of 20121411?
3, 6707137
What are the prime factors of 37348449?
3, 1129, 11027
List the prime factors of 17997134.
2, 43, 209269
What are the prime factors of 279033178?
2, 349, 399761
What are the prime factors of 319549069?
7, 151, 302317
What are the prime factors of 87125203?
11, 19, 37897
List the prime factors of 524383424.
2, 8193491
List the prime factors of 173610376.
2, 21701297
List the prime factors of 123755820.
2, 3, 5, 2062597
What are the prime factors of 1455569079?
3, 857, 566149
List the prime factors of 1932517495.
5, 386503499
List the prime factors of 802254363.
3, 31, 8626391
What are the prime factors of 850161176?
2, 103, 263, 3923
What are the prime factors of 342625195?
5, 11, 19, 327871
List the prime factors of 43458461.
37, 71, 233
List the prime factors of 26867319.
3, 8955773
What are the prime factors of 60676484?
2, 11, 23, 59957
List the prime factors of 112536023.
1087, 103529
List the prime factors of 47614418.
2, 19, 1253011
List the prime factors of 188218933.
7, 151, 178069
What are the prime factors of 174617442?
2, 3, 41, 236609
List the prime factors of 342823621.
7, 48974803
List the prime factors of 2234883.
3, 7, 31, 3433
List the prime factors of 1342421016.
2, 3, 41, 113, 12073
What are the prime factors of 8898277352?
2, 23, 127, 193, 1973
What are the prime factors of 49793524?
2, 11, 1131671
What are the prime factors of 39864310?
2, 5, 3986431
What are the prime factors of 17579398?
2, 8789699
What are the prime factors of 66938903?
66938903
What are the prime factors of 572708566?
2, 53, 257, 21023
What are the prime factors of 398533436?
2, 7, 19, 59, 12697
List the prime factors of 55643023.
17, 3273119
List the prime factors of 61213984.
2, 13, 37, 41, 97
List the prime factors of 555900651.
3, 19, 6337
What are the prime factors of 860886822?
2, 3, 1223, 117319
What are the prime factors of 982528781?
13, 75579137
What are the prime factors of 2528396044?
2, 19, 43, 773683
List the prime factors of 7930953.
3, 179, 547
What are the prime factors of 123771482?
2, 263, 235307
What are the prime factors of 17525074?
2, 7, 1251791
What are the prime factors of 2108723311?
43, 49040077
What are the prime factors of 96813203?
5783, 16741
What are the prime factors of 602615794?
2, 11, 27391627
List the prime factors of 63798091.
7, 41, 222293
List the prime factors of 13770475.
5, 37, 14887
List the prime factors of 185435732.
2, 2221, 20873
List the prime factors of 190721098.
2, 2897, 32917
What are the prime factors of 6145134091?
6145134091
List the prime factors of 91216568.
2, 19, 600109
List the prime factors of 1136018515.
5, 2137, 106319
What are the prime factors of 259969377?
3, 3821, 22679
List the prime factors of 273677744.
2, 2857, 5987
List the prime factors of 176691214.
2, 7, 43, 293507
List the prime factors of 1473059512.
2, 19, 1801, 5381
List the prime factors of 5468308472.
2, 11, 5649079
What are the prime factors of 183955629?
3, 11, 13, 428801
What are the prime factors of 537281203?
11831, 45413
List the prime factors of 21339237.
3, 197, 36107
List the prime factors of 39369549.
3, 13123183
What are the prime factors of 869931709?
197, 349, 12653
List the prime factors of 238599162.
2, 3, 37, 119419
What are the prime factors of 125275074?
2, 3, 17, 1228187
List the prime factors of 65188904.
2, 11, 79, 9377
What are the prime factors of 233444756?
2, 23, 31, 81853
List the prime factors of 7803318.
2, 3, 1300553
List the prime factors of 122769359.
17, 53, 89, 1531
List the prime factors of 89767492.
2, 677, 33149
List the prime factors of 588583844.
2, 773, 190357
What are the prime factors of 85773054?
2, 3, 173, 82633
What are the prime factors of 229830919?
12227, 18797
List the prime factors of 197975261.
11, 17997751
List the prime factors of 752698986.
2, 3, 13, 9649987
List the prime factors of 69284098.
2, 13, 179, 14887
What are the prime factors of 468952535?
5, 1693, 55399
List the prime factors of 73833446.
2, 36916723
What are the prime factors of 139826311?
103, 1357537
List the prime factors of 2833759312.
2, 177109957
List the prime factors of 459516066.
2, 3, 76586011
What are the prime factors of 46734339?
3, 15578113
List the prime factors of 8276647067.
13, 29, 523, 3229
List the prime factors of 67377534.
2, 3, 7, 19, 23, 3671
List the prime factors of 42675566.
2, 21337783
What are the prime factors of 467774979?
3, 7, 37, 53, 307
List the prime factors of 38862397.
7, 1889, 2939
What are the prime factors of 2003651045?
5, 11, 36430019
List the prime factors of 715332338.
2, 7, 23, 89, 109, 229
What are the prime factors of 3508632329?
17, 181, 739, 1543
What are the prime factors of 18017225?
5, 19, 83, 457
What are the prime factors of 1130558143?
11, 13, 7906001
What are the prime factors of 5696081930?
2, 5, 7, 11, 607, 1741
List the prime factors of 192139780.
2, 5, 7, 17, 19, 607
List the prime factors of 2671998235.
5, 599, 892153
List the prime factors of 559465677.
3, 20720951
What are the prime factors of 5137970099?
1051, 4888649
List the prime factors of 123306055.
5, 71, 347341
What are the prime factors of 24326898?
2, 3, 17, 238499
What are the prime factors of 664390863?
3, 263, 93563
List the prime factors of 260194013.
53, 4909321
What are the prime factors of 22052409?
3, 131, 56113
What are the prime factors of 5902623?
3, 655847
List the prime factors of 1348311646.
2, 11, 61286893
List the prime factors of 834394323.
3, 7, 17, 967, 2417
What are the prime factors of 53037408?
2, 3, 552473
What are the prime factors of 292854724?
2, 73213681
What are the prime factors of 533876330?
2, 5, 13, 17, 37, 6529
What are the prime factors of 141084251?
7, 11, 53, 181, 191
List the prime factors of 135104427.
3, 37, 405719
List the prime factors of 3361789712.
2, 17, 12359521
What are the prime factors of 54210726?
2, 3, 3011707
What are the prime factors of 6308030062?
2, 29, 2707, 40177
What are the prime factors of 379924802?
2, 89, 2134409
What are the prime factors of 1044944695?
5, 17, 12293467
List the prime factors of 1171884643.
53, 457, 48383
List the prime factors of 1077250220.
2, 5, 17, 19, 103, 1619
What are the prime factors of 135622204?
2, 67, 131, 3863
What are the prime factors of 5467224155?
5, 37, 773, 38231
List the prime factors of 4535026873.
13, 29, 1153, 10433
What are the prime factors of 693820650?
2, 3, 5, 29, 159499
What are the prime factors of 66515461?
6827, 9743
List the prime factors of 373020879.
3, 7, 11, 197, 1171
What are the prime factors of 2081759026?
2, 23, 29, 1560539
List the prime factors of 151391555.
5, 7, 4325473
What are the prime factors of 187334799?
3, 2939, 21247
What are the prime factors of 514235292?
2, 3, 42852941
What are the prime factors of 211849229?
211849229
List the prime factors of 81089479.
613, 132283
What are the prime factors of 1834471726?
2, 12611, 72733
What are the prime factors of 422671028?
2, 13, 625253
What are the prime factors of 157086959?
157086959
What are the prime factors of 602340053?
7, 86048579
What are the prime factors of 58339938?
2, 3, 29, 233, 1439
List the prime factors of 105772525.
5, 19, 222679
List the prime factors of 551561156.
2, 229, 602141
What are